+ -9 + 1 + -62 + 66.
-2
What is the value of 0 + -1 - -2 - (-3 + 3)?
1
Calculate -5 + 5 + (0 - (-1 - 0)).
1
What is the value of -9 + -2 + (-11 - -18)?
-4
3 + -6 + -3 - -13 - 17
-10
(-3 - -8) + (-2 - (2 - -5))
-4
Evaluate 4 + 0 + 1 - -4.
9
0 - ((1 - -1) + 2)
-4
Calculate -2 + 2 + 6 + 1.
7
Evaluate (4 - 0) + -6 + 10 + -7.
1
Evaluate (3 - 0 - -1) + (0 - 3).
1
What is the value of 6 + -15 + 6 + -1?
-4
What is 1 + (-8 - -2) + 4?
-1
6 + -10 + 9 + (-3 - -1)
3
What is the value of -3 + (3 - 0) - (0 + 0)?
0
What is 2 + -3 + -3 + (3 - 1)?
-2
What is the value of 2 + (-1 - 3) + -13 + 12?
-3
Evaluate (10 - 5) + -9 + 0 + 2.
-2
What is the value of 3 - 0 - (-1 - -9)?
-5
-4 - (6 - 10 - -3)
-3
What is 0 + 6 + (-2 - (-15 + 10))?
9
What is the value of (17 - (0 + 13)) + 0 + 0?
4
Evaluate (3 - 4) + 4 + 3.
6
What is the value of -1 - 0 - -2 - 0?
1
Calculate -1 + 7 + (-12 - -9).
3
What is the value of -3 - (1 + 1 - (0 + 2))?
-3
Evaluate 1 + ((5 - 2) + -7 - 0).
-3
What is -6 + 3 - (-2 + -2) - 2?
-1
What is the value of -2 - (-5 + 5 + 3)?
-5
Evaluate -2 + 8 + (-2 - (-4 + 6)).
2
What is the value of 1 + 5 + -4 - 5?
-3
What is the value of -6 - (-16 + (3 - -3))?
4
Calculate -10 + (-7 + 3 - (-4 + -3)).
-7
What is the value of (14 - 10) + 2 + (-1 - 0)?
5
What is the value of 1 + -1 - (-2 - 2)?
4
What is (11 - (12 - 7)) + -2?
4
Evaluate 0 + (-4 - (-4 + 1)) - -2.
1
Evaluate 4 + 1 + (1 - -10 - 12).
4
Evaluate 10 + -5 + 3 + -5.
3
Calculate -8 - (-9 + -4 - -9).
-4
What is (3 - (2 - 2)) + 2?
5
What is (-1 - 3) + 0 + 6?
2
Evaluate 2 + (-1 - (6 - 2)).
-3
What is -4 - -2 - -4 - 3?
-1
Calculate 22 + -23 + -2 + -2 + -3.
-8
-3 + 1 - 3 - -5 - 4
-4
-2 + 0 + 10 - 6
2
What is 3 + (1 + -1 - (3 + -5))?
5
(-11 - -5 - 13) + 13
-6
Evaluate (2 - (0 - 1)) + (279 - 283).
-1
What is 5 + -1 + (-1 - 5)?
-2
What is 13 - 6 - 11 - (1 + -8)?
3
Calculate (3 - (-13 + 4)) + 0 + -5.
7
What is -1 + 5 + (-5 - -3 - 1)?
1
-9 - (2 + (8 - 10))
-9
Evaluate -3 - -6 - 6 - -6.
3
Evaluate 5 - (2 + -9 + 12).
0
Calculate -2 + -5 + 5 + 1.
-1
Evaluate 2 + (-3 + 1 - -3).
3
Evaluate -7 + -6 + 11 + (3 - -5).
6
Evaluate (1 - 1 - (-18 + 18)) + -5.
-5
What is the value of 0 + 1 - 3 - -7 - 4?
1
What is the value of 7 + -3 - (3 + (2 - 1))?
0
What is (38 + -32 - (2 + 12)) + 9?
1
2 + -1 - -7 - (-322 + 329)
1
Evaluate (1 - -5) + (-6 - 5).
-5
What is (-3 - 2 - 9) + 7?
-7
Evaluate -6 + 11 - (1 - 5 - -5).
4
Calculate -2 + (1 - (-1 - (-8 + 4))).
-4
Calculate 5 + 8 + -4 + -7.
2
What is the value of -7 + 10 + 1 + -8 + 5?
1
Calculate 6 + -1 - (8 - (7 + 2)).
6
10 + -1 + -7 + -3
-1
Calculate -7 + (1 - (-1 - 2)) + 2.
-1
-1 + -1 + 0 - (7 - 5)
-4
What is the value of 0 + -1 + (33 - 40)?
-8
What is -7 + 3 - -8 - 6?
-2
-2 - (-1 + -1) - -4
4
What is the value of -24 + 21 - (2 + -7)?
2
2 + (-1 - (3 - 0))
-2
What is (7 - 9) + 7 + -2 + 1?
4
Calculate (6 - -1) + -9 + 15 + -9.
4
What is the value of -16 + (-2 + 17 - 4)?
-5
What is -14 - (3 + -14) - (-4 + 10)?
-9
Calculate 1 - 6 - (14 - 14).
-5
Evaluate (1 - 1) + 16 + -17.
-1
What is the value of -5 - (-11 - (-1 + -7 - -3))?
1
Evaluate -7 + 6 + 5 + -3.
1
4 - 6 - (4 - (1 - -12))
7
What is (0 - -1) + (-3 - 2) + 3?
-1
Calculate (10 - -7) + -11 + -2.
4
What is 1 - -6 - (11 - -2 - 10)?
4
What is -1 - (0 - 1 - 1 - -5)?
-4
Calculate -2 + 1 + 5 - (9 - 1).
-4
2 + -7 + (8 - 2)
1
What is -31 + 39 - (2 + 3)?
3
What is the value of 0 + (0 - -5) + -3?
2
What is the value of (-1 + 4 - 6) + 6?
3
What is 1 + -10 + 9 + -2?
-2
-1 - (-1 - (-14 - -25))
11
What is the value of 1 + 6 + (-1 - 3) - 4?
-1
What is 1 - (2 + -8 - 1 - -13)?
-5
Calculate (-4 - -8 - (2 - -4)) + 7.
5
What is the value of 3 - (4 - (4 + -3) - 2)?
2
Evaluate 6 - 10 - (6 - (-1 + 4)).
-7
-5 + 4 + 3 + -2
0
What is the value of (-2 - -3) + -8 - -3 - -8?
4
What is the value of 0 + 11 - (15 + -21) - 8?
9
What is 2 + (4 - 3) - 0?
3
Evaluate 3 - (-2 + 4 - -1).
0
2 + 1 + (24 - 23)
4
What is the value of -8 + 6 + (2 - -5) - -1?
6
What is the value of -11 + (21 - 0 - 10)?
0
Calculate -6 + (-1 - (1 + -5)).
-3
(-1 - (-11 + 0)) + -6
4
(5 - 12) + 9 + -3
-1
Evaluate 74 - 85 - (-15 - -1).
3
Evaluate 17 + -6 - (19 - 6).
-2
What is (-5 - -8) + 0 - 0?
3
What is 0 + (7 - 0) + -3?
4
2 - (-7 + (-3 - 1) + 9)
4
What is -6 - ((-2 - 12) + 6 + -2)?
4
What is 3 + -1 - (-7 + 8)?
1
-6 + -4 + -3 + 2 + 4
-7
-1 + 2 + 4 + -1
4
What is the value of 0 + (6 - (0 - -2)) - 2?
2
Calculate -3 + (1 - 6 - -1 - -5).
-2
What is -5 - (6 - (8 - 4))?
-7
Evaluate (-3 - 6) + 6 - -6.
3
What is -2 - (12 + (-7 + 3 - 3))?
-7
What is (-3 - (-1 + 0)) + (9 - 8)?
-1
Evaluate 23 + (4 - 13) + -9.
5
Evaluate 9 - (-5 + (4 - -8)).
2
1 + -3 + -7 + 1 + 6
-2
What is the value of (-2 + -9 - -4) + 5 + 0?
-2
-2 - (4 - (1 - -7))
2
-2 - (3 - (11 + -2))
4
Evaluate 37 - 42 - (-5 + -4 + 4).
0
What is (6 - 5) + (-4 - (3 + -3))?
-3
Calculate 2 + (-16 - -5) + 4.
-5
What is 7 + (-3 - (-2 - (3 + -8)))?
1
Calculate (5 - 9) + 2 - 1.
-3
-11 + (2 + -8 - -10)
-7
Calculate -1 - 7 - (-6 - -12) - -6.
-8
What is 2 - (4 + -5) - 5?
-2
Evaluate 4 - (7 + -2 - 3).
2
What is the value of 282 + -281 + -6 + (0 - 1)?
-6
What is the value of -24 + 12 - ((-4 - -2) + -2)?
-8
47 + -46 - (4 - (0 + 0))
-3
What is the value of 2 + (-3 - (-1 - -5))?
-5
Evaluate 3 + (6 - 3) + -2.
4
Calculate (-2 - -2) + 3 + (3 - 8).
-2
Evaluate 5 + (6 - -4 - 6).
9
What is the value of 4 + -3 + 2 - 1 - 2?
0
What is (-2 - (7 + -2)) + 3 + 3?
-1
What is the value of -1 + (-3 - -5) - 3?
-2
What is 16 + -7 + -17 - -9?
1
Calculate (1 - 2) + (-1 + -7 - -9).
0
What is (-3 + 5 - 2) + 3 + -2?
1
What is 7 - (-3 + -1 + 4 + 2)?
5
What is -2 + -2 + (3 - (-1 - -3))?
-3
-5 + 13 - (0 - -9)
-1
Evaluate 3 + (4 + 0 - 4) + 0.
3
-4 - (4 - (1 + 4))
-3
What is the value of 10 + (-15 + 6 + 0 - -5)?
6
4 - (-3 - (1 + -4))
4
Calculate -2 - -6 - (12 + -6 + -8).
6
What is -9 - -5 - (1 - 2 - 6)?
3
0 - (3 + 5 + -8)
0
Calculate (-1 - -5) + -4 - (9 - 6).
-3
Evaluate -13 + 3 - -5 - (-1 - -1).
-5
Calculate -10 - ((-4 - 3) + -2).
-1
0 + 2 + (-4 - (0 - 0))
-2
Evaluate -2 - ((2 - 9) + 2 - -3).
0
What is -4 - ((-3 - 2) + 9 + -10)?
2
What is -2 - (9 - (5 - 1))?
-7
Calculate -14 + 10 + (6 - 2).
0
Evaluate -1 - ((-1 - -1) + 5) - -2.
-4
(-6 - (-1 + (4 - 8))) + 5
4
What is 6 + -2 + (-3 - -4)?
5
Calculate -4 + (-4 - -6) + 4.
2
Evaluate (0 - (1 - -4)) + 5 - 3.
-3
-5 + (-1 - (-4 - 0))
-2
Calculate -8 + 4 - 0 - -9.
5
What is the value of 2 + -5 + 6 + -1 + 2?
4
Evaluate 6 + -3 - (1 - 4 - -7).
-1
-1 + -5 + -2 + (1 - -4)
-3
Calculate -10 + 27 + -9 + -11.
-3
(-1 - 5) + (-14 - -16)
-4
Evaluate 10 + -3 + 2 - 6.
3
What is 2 + (-4 - -3) - (-2 + 9)?
-6
Calculate -6 + 3 + 5 - 7.
-5
What is the value of 4 + -1 - (-1 - -2 - -1)?
1
Evaluate -1 + (-3 + -3 + 5 - -1).
-1
What is 3 - (-2 + (-5 - -14))?
-4
13 + -3 - ((4 - 0) + -1)
7
5 + 1 + (-112 - -100)
-6
Calculate (0 + -1 - -1) + 2 + -2.
0
What is 2 + 1 + 0 + -2 - -2?
3
Evaluate 5 + 7 + (-5 - 2).
5
Evaluate (55 - 58) + 12 + -2 + 2.
9
Calculate (4 - 3 - -2) + 0 + -7.
-4
What is (4 - 6) + -4 - (-13 - -1)?
6
What is 0 + 14 + (0 + -4 - 4)?
6
What is (-6 - 0) + (-1 - -5)?
-2
What is (33 + -33 - (0 - -5)) + 9?
4
Evaluate 4 + (-3 + 2 - (-1 + 4)).
0
Calculate (2 + 17 - 27) + 7 + -1.
-2
Evaluate 5 + (-5 - 2) + 2.
0
-1 + 0 - (-4 - -8)
-5
What is the value of -2 - 0 - (-15 + (6 - -5))?
2
Evaluate -3 + 4 + 3 + -3.
1
Calculate 4 + -1 + (25 - 27).
1
What is 0 - -2 - (2 + 0) - 1?
-1
Calculate (-17 - -15 - 15) + (7 - 1).
-11
(6 - 7) + (5 - (4 + 3))
-3
-144 + 144 + 0 + -8 + -1
-9
Calculate (2 - 0) + 80 + -85.
-3
Evaluate 0 + -2 - ((-3 - 1) + -3).
5
2 - (4 + -2 - -1)
-1
What is 48 - 49 - (-1 - (5 - 1))?
4
Evaluate 1 + -4 - (-17 + 17).
-3
0 - -2 - (27 - 30)
5
Calculate -6 + (-6 - (7 - 26)).
7
What is (0 - -9) + -5 + 0?
4
What is 1 - (-5 - -8) - (-1 + -2)?
1
Evaluate (4 - 3) + (-5 - -9).
5
Evaluate -5 - (-19 + (5 - -5)).
4
5 - (3 - 0 - (9 + -11))
0
Calculate -3 - (-4 - (-13 - -6)).
-6
What is the value of -8 + (0 - -2) + -1?
-7
Evaluate 14 + (-23 - -11 - -4).
6
What is the value of (-2 - (-1 + -2)) + -2?
-1
Calculate -7 + 14 - (0 + 2).
5
What is the value of (-2 - (-5 - -4)) + 4 + 2?
5
Calculate 0 + 7 + -11 + (-1 - -1).
-4
(1 - 6 - -9) + -3 - -4
5
Calculate (2 - (5 + 0)) + -3 + 1.
-5
What is the value of 0 + 0 + (11 - 5)?
6
What is -5 + 8 + -6 + 2?
-1
2 - 1 - (2 + 1)
-2
Calculate -3 - 4 - (-17 - -15).